7?
False
Is 46 a factor of 57471465?
False
Does 10 divide 1067191604?
False
Is 217787937 a multiple of 3?
True
Is 65 a factor of 45136000?
True
Is 140472408 a multiple of 92?
True
Does 55 divide 1224870185?
True
Is 132 a factor of 21502777?
False
Does 908 divide 15616667?
False
Is 793517486 a multiple of 493?
False
Is 8 a factor of 201754862?
False
Is 448075164 a multiple of 24?
False
Is 85 a factor of 365840?
True
Does 2924 divide 46406379?
False
Is 9 a factor of 53387604?
True
Does 1370 divide 16268750?
True
Does 37 divide 405108931?
False
Does 39 divide 14477567?
False
Is 4 a factor of 74978815?
False
Does 33 divide 83822795?
False
Is 700023346 a multiple of 418?
True
Is 90886274 a multiple of 162?
False
Does 62 divide 127619924?
False
Is 77 a factor of 3511896619?
True
Is 3517 a factor of 5103522235?
False
Is 25 a factor of 1589481925?
True
Is 198 a factor of 171620460?
True
Is 129516690 a multiple of 317?
True
Does 10 divide 1016382830?
True
Does 6 divide 11416758?
True
Does 201 divide 113819868?
True
Does 63 divide 194784093?
True
Does 15 divide 104500600?
False
Is 67148999 a multiple of 3827?
False
Is 242 a factor of 26906528?
True
Is 88281531 a multiple of 25?
False
Does 19 divide 152276023?
False
Is 20 a factor of 769335394?
False
Does 1203 divide 98030064?
True
Does 396 divide 94693104?
True
Is 1100 a factor of 39977300?
True
Is 1272 a factor of 1532941896?
True
Does 11 divide 41558518?
False
Does 191 divide 1557032?
True
Is 42855702 a multiple of 20?
False
Is 52939355 a multiple of 586?
False
Is 7274710 a multiple of 33?
False
Is 8 a factor of 12111424?
True
Does 8 divide 35191890?
False
Does 7 divide 64472064?
False
Is 76 a factor of 181518423?
False
Does 6 divide 74544602?
False
Does 3041 divide 139137096?
False
Is 125521958 a multiple of 241?
True
Is 10 a factor of 61649?
False
Is 67342632 a multiple of 2247?
False
Is 149 a factor of 22512708?
True
Does 20 divide 1035610325?
False
Is 4 a factor of 52075688?
True
Does 121 divide 211185065?
False
Is 261598997 a multiple of 1682?
False
Is 14 a factor of 4286642?
False
Is 257 a factor of 31426731?
True
Is 16068445 a multiple of 86?
False
Is 732204307 a multiple of 11?
False
Is 60921600 a multiple of 6?
True
Does 197 divide 47390562?
False
Does 265 divide 77669292?
False
Does 9 divide 37407024?
True
Is 15 a factor of 1727444145?
True
Is 174918840 a multiple of 654?
True
Is 7 a factor of 23859360?
True
Is 42155682 a multiple of 823?
False
Is 2039 a factor of 44915779?
False
Is 14 a factor of 1136402?
False
Is 38 a factor of 926285720?
True
Is 39 a factor of 30713628?
False
Is 868086032 a multiple of 44?
True
Does 32 divide 4279885?
False
Is 14 a factor of 95831596?
True
Is 589614721 a multiple of 108?
False
Does 182 divide 2176432234?
False
Is 1226935779 a multiple of 44?
False
Does 13 divide 5241912?
True
Does 9 divide 130299641?
False
Is 84 a factor of 1566364800?
True
Does 228 divide 29175792?
True
Is 695 a factor of 23440960?
True
Does 52 divide 54576040?
False
Is 20 a factor of 375989020?
True
Is 533592642 a multiple of 22?
True
Is 22326047 a multiple of 73?
False
Is 224202080 a multiple of 4?
True
Is 101 a factor of 246738748?
False
Is 2722 a factor of 125759122?
True
Does 31 divide 32345586?
True
Does 1545 divide 273566409?
False
Is 113 a factor of 21642777?
True
Does 11 divide 398489684?
False
Is 16 a factor of 64830320?
True
Does 11 divide 13485868?
True
Is 34789588 a multiple of 2369?
False
Is 437644176 a multiple of 152?
True
Is 72 a factor of 157449672?
True
Is 51293376 a multiple of 288?
True
Is 7 a factor of 51269660?
False
Does 14 divide 43898038?
False
Is 673112715 a multiple of 149?
True
Is 1032207877 a multiple of 13?
False
Is 265948416 a multiple of 128?
True
Is 1453 a factor of 32267828?
False
Is 11 a factor of 182074801?
False
Is 11889434 a multiple of 7?
False
Is 883 a factor of 9105496?
True
Is 11 a factor of 417818940?
True
Is 5 a factor of 18627585?
True
Is 217 a factor of 25339741?
True
Is 787 a factor of 16439643?
True
Does 30 divide 315408203?
False
Is 419557253 a multiple of 495?
False
Is 2270 a factor of 46955584?
False
Is 323499764 a multiple of 892?
False
Is 95872768 a multiple of 720?
False
Is 283 a factor of 1131243896?
False
Is 11528 a factor of 4081718960?
True
Does 6 divide 11159626?
False
Is 354537280 a multiple of 32?
True
Is 886 a factor of 85948202?
True
Is 95221589 a multiple of 143?
False
Is 209 a factor of 119222216?
False
Is 294 a factor of 11264197?
False
Is 37354083 a multiple of 3?
True
Is 2239 a factor of 35326942?
True
Is 79000223 a multiple of 14?
False
Is 67 a factor of 8153354?
False
Is 73 a factor of 6373995?
True
Does 206 divide 53524568?
True
Is 178135776 a multiple of 24?
True
Is 110462088 a multiple of 33?
True
Does 1074 divide 766555686?
True
Does 21 divide 202201230?
True
Is 4600037 a multiple of 734?
False
Does 21 divide 28341705?
True
Does 298 divide 813386828?
True
Does 5 divide 1737444?
False
Is 662657496 a multiple of 23?
False
Is 288574224 a multiple of 142?
False
Is 194045680 a multiple of 2384?
True
Is 12645535 a multiple of 595?
True
Is 2086862868 a multiple of 12?
True
Is 325 a factor of 299424239?
False
Is 152 a factor of 66136112?
True
Does 22 divide 138479705?
False
Is 86844250 a multiple of 125?
True
Is 538 a factor of 2115179363?
False
Is 17185724 a multiple of 405?
False
Is 1860453144 a multiple of 132?
True
Is 567 a factor of 1865964?
False
Does 547 divide 433375712?
False
Does 28 divide 130035472?
True
Is 454263709 a multiple of 77?
False
Is 142 a factor of 1206925876?
True
Does 20 divide 136019774?
False
Is 6 a factor of 418542057?
False
Is 47 a factor of 628724791?
False
Is 92223388 a multiple of 74?
True
Is 39006 a multiple of 99?
True
Is 519827605 a multiple of 109?
False
Does 17 divide 150007796?
True
Does 7 divide 260611576?
False
Is 3771210200 a multiple of 36?
False
Is 13954266 a multiple of 18?
True
Does 717 divide 516538581?
False
Is 672685020 a multiple of 151?
False
Is 2168308626 a multiple of 22?
True
Does 48 divide 51935829?
False
Is 1033 a factor of 87245114?
True
Does 101 divide 2742004661?
True
Does 28 divide 363249068?
True
Does 9 divide 1051897727?
False
Is 175993731 a multiple of 120?
False
Is 941 a factor of 41321192?
True
Is 256 a factor of 796527872?
True
Is 987 a factor of 521475638?
False
Is 102 a factor of 51809370?
True
Does 410 divide 655411922?
False
Is 24 a factor of 185155968?
True
Is 14 a factor of 21613545?
False
Does 104 divide 1093444?
False
Is 150827472 a multiple of 16?
True
Is 188809181 a multiple of 285?
False
Does 1474 divide 675528640?
False
Is 12 a factor of 769941372?
True
Is 14927058 a multiple of 74?
True
Does 13 divide 11518754?
True
Does 28 divide 21351691?
False
Does 629 divide 19384279?
False
Is 114 a factor of 101276688?
True
Does 49 divide 116982816?
False
Does 10 divide 31454748?
False
Is 458829024 a multiple of 16?
True
Is 387348404 even?
True
Does 103 divide 1174094528?
True
Is 3350812093 a multiple of 12839?
True
Does 9 divide 21750534?
True
Is 11415000 a multiple of 40?
True
Does 94 divide 81925292?
False
Is 105982787 a multiple of 23?
False
Is 99 a factor of 3002274?
True
Is 27303060 a multiple of 1695?
True
Does 5656 divide 613217864?
True
Is 227318040 a multiple of 30?
True
Is 90 a factor of 58934520?
True
Does 67 divide 13398857?
False
Is 55204270 a multiple of 1870?
True
Does 48 divide 15363504?
True
Is 215717081 a multiple of 658?
False
Is 1738035551 a multiple of 7?
True
Is 19 a factor of 12386841?
True
Does 173 divide 130953042?
True
Does 92 divide 818106320?
True
Is 25179638 a multiple of 41?
False
Is 6 a factor of 3269378?
False
Does 339 divide 19600980?
True
Is 693183781 a multiple of 642?
False
Does 926 divide 204724058?
False
Is 584995 a multiple of 476?
False
Does 3 divide 330850546?
False
Is 117 a factor of 290689659?
True
Is 831 a factor of 19605783?
True
Does 196 divide 230592474?
False
Is 113 a factor of 3646935219?
True
Does 145 divide 51073313?
False
Does 7 divide 407308848?
False
Does 100 divide 30880859?
False
Is 299681960 a multiple of 124?
True
Is 424058630 a multiple of 1183?
False
Is 33 a factor of 57827674?
False
Does 2995 divide 266076391?
False
Is 1423430927 a multiple of 42?
False
Is 76 a factor of 25270912?
True
Is 417